 be f(1). Suppose 10 = 2*y, -2*a - 5*y + q = -9*y. Is a prime?
True
Let w(b) = 78*b**3 + 9*b**2 + 18*b - 109. Is w(10) composite?
True
Suppose 0 = -2*w - 3*h + 90, -118 = -2*w + 2*h - 8. Suppose -w*q = -54*q + 32709. Is q prime?
True
Let y = -51427 + 113238. Is y a composite number?
True
Let g be (-8)/(-20) + 3609537*(-8)/(-60). Suppose 2*d + g = 26*d. Is d a prime number?
False
Let b(v) = -v**3 - 4*v**2 + 9*v - 3. Let y be b(-4). Let f = 93 + y. Suppose 56*m - 3790 = f*m. Is m a composite number?
True
Let n(x) = 957*x**2 + 46*x + 93. Is n(34) a composite number?
True
Suppose 0 = 5*g - 3*k - 0*k, k = -5. Let w(d) = -243*d - 8 - 99*d - 6 - 274*d + 145*d. Is w(g) a prime number?
True
Let p = -19 - -26. Let r(f) = 55 - 4*f - p*f + 15*f. Is r(18) composite?
False
Suppose 4*y + 0*z - 2*z - 2 = 0, -4 = -3*y - z. Suppose -4*j = -9 + y. Suppose 5*s + 80 + 3 = k, 0 = -5*k + j*s + 507. Is k a composite number?
False
Let f(n) be the first derivative of -1241*n**2/2 - 22*n - 49. Is f(-1) composite?
True
Suppose 6*o + t + 2 = o, -2*t = 4*o + 4. Suppose a - 38 = 5*u, o = -8*a + 7*a + 2*u + 29. Let l(z) = z**3 - 17*z**2 + 12*z + 7. Is l(a) prime?
True
Suppose 38*r + 516107 = 6769729. Is r a composite number?
False
Let f(k) = -k**2 - 10*k + 22. Let m be f(-11). Is 12 - m - (-2 + 2 - 453) prime?
False
Let k be -1*(-31726)/(-10) - (-4)/(-10). Let h = 1154 + k. Is (h/12)/((-1)/4) prime?
True
Suppose 18*o - o = 29444. Let m = -721 - -26. Let g = m + o. Is g a prime number?
False
Let p be -5 - (-54)/6 - -1881. Suppose 4*g = -v + 2520, 8*v - 6*v = -3*g + p. Is g a composite number?
False
Suppose 0 = -21*a + 8*a + 113776. Suppose 2*w + 10953 = 5*l, l - w + a = 5*l. Is l a prime number?
False
Let g(i) = 65*i**2 + 4*i - 1. Suppose 0 = -3*r - 5*j + 10, -j - 2 = -1. Let a(d) = 66*d**2 + 4*d - 1. Let v(w) = r*a(w) - 4*g(w). Is v(3) composite?
False
Suppose 4*j + 4*m = 668, -5*m - 286 = -4*j + 364. Let o = 322 - j. Is o composite?
False
Let d(g) be the first derivative of 2*g**3/3 - 3*g**2/2 + 14*g + 3. Let w be d(0). Suppose 3350 - 1152 = w*x. Is x prime?
True
Let s be -2 - 1 - (-6)/2. Suppose -12*r + 3*r + 6822 = s. Suppose -t + 2*d = t - r, -379 = -t - 2*d. Is t composite?
False
Suppose 78615 = -3*z + 427926. Is z a prime number?
True
Suppose 0 = 7*g - 17*g + 12*g. Suppose g = -10*o + 30489 + 5621. Is o prime?
False
Is ((-6)/20)/(216/(-1870716240)) prime?
True
Let t(n) = -n**3 + 3*n**2 + 5*n. Let r be t(4). Suppose 0 = -6*d - r*d - 4340. Let b = 755 + d. Is b a composite number?
True
Let a = 5334 - 1389. Suppose -4*i = -5*u - a, u = -u - 5*i - 1578. Is (-7)/14 + u/(-6) a composite number?
False
Suppose 4*j + 5*d + 0 = 4, -j + 1 = -d. Is (-8 + 90/(-12))*(j + -35) composite?
True
Let b = -31967 - -74010. Is b prime?
True
Let j = 1954240 - 1240089. Is j composite?
False
Let r = -1241 - -3883. Let l = -242 + r. Let u = l - 1213. Is u a composite number?
False
Let l be 51490/100 + (-2)/(-20). Suppose -q + 2 = -0, -32 = 2*w + 4*q. Is l/w*112/(-4) prime?
False
Let m(t) be the second derivative of -43*t**3 - 77*t**2/2 + 131*t. Is m(-35) a prime number?
False
Let k(y) = 26362*y + 1101. Is k(8) prime?
True
Let p(k) = -k**3 - 17*k**2 - 18*k + 17. Let w be p(-16). Is 332157/w + 2/7 composite?
False
Let u(z) = -114*z**2 + z + 5. Let k(c) = 343*c**2 - 3*c - 14. Let p(m) = -2*k(m) - 7*u(m). Is p(-2) a composite number?
False
Suppose -767508 = -4*c - 6*v + 7*v, 24 = 3*v. Is c a prime number?
False
Let l(u) = -5*u + 55. Let k be l(12). Is 14482/6 - (1 - k/(-15)) a composite number?
True
Let x(d) = -80*d**3 + 5*d**2 + 6*d + 1. Let o = -288 + 284. Is x(o) a composite number?
True
Is (-265176)/(-9) - (-1 + -6) a composite number?
True
Suppose 12 = -9*u + 6*u. Let p be (-262*(-3)/(-9))/(u/6). Is p - (4/(-8))/(3/18) a composite number?
True
Suppose 0 = -5*d - 5*n + 1100740, -46*d - n = -44*d - 440289. Is d a composite number?
False
Suppose -19 = 6*k - 31. Suppose 0 = -a - 4*a + 3*u + 425, k*a + u = 170. Is a a prime number?
False
Let l(q) = q**3 + 30*q**2 + 30*q + 34. Let w be l(-29). Is 51749/w - 128/160 prime?
False
Let t = -62514 - -89201. Is t a composite number?
False
Let i(z) = -z**3 - 8*z**2 + 43*z - 37. Is i(-24) a composite number?
False
Let q(c) = 321*c**2 + 129*c - 5467. Is q(48) a composite number?
True
Suppose -20862 = q - 20*q. Suppose -3*f = -9, 3014 = k - 5*f + q. Is k prime?
True
Suppose 0 = r - 489*q + 494*q - 1735214, -3*r + 5205759 = 2*q. Is r a prime number?
True
Let r = -1003 + 1005. Suppose 0 = 2*b + 22*d - 17*d - 20568, r*d + 20554 = 2*b. Is b composite?
True
Is (110499240/56 - -4) + 4 - 10/(-35) composite?
True
Is ((-8)/(-15))/4 + (-89496960)/(-6300) a prime number?
False
Suppose 338*y - 403*y = -4832230. Is y a composite number?
True
Suppose 2*u + 5 - 3 = 2*g, -2*u = 2*g - 10. Let m(l) = 338*l**2 - 1. Let i be m(g). Suppose -2*n = -v + 2*n + i, -4*n = -5*v + 15189. Is v prime?
True
Suppose 0 = f - 3*v - 382333, 2*v + 366605 + 398085 = 2*f. Is f a prime number?
True
Let y = 67 - 64. Suppose -2*d = y*d + 5*d. Suppose 0*k - 1140 = -4*i - 2*k, -4*i - 5*k + 1128 = d. Is i a composite number?
True
Suppose 19*z + 52 = -7*z. Let x(l) = 1245*l**2 + 54*l - 1. Is x(z) a prime number?
True
Suppose 5495 = -2*w - 2583. Let i = w - -9300. Is i prime?
True
Let f(a) = 5407*a**2 - 108*a + 814. Is f(7) composite?
True
Suppose 3*x + 3*n - 2347 = 1691, -3*x - 5*n = -4038. Suppose 7*r = x + 3813. Let y = -382 + r. Is y composite?
True
Let m be (936/546)/(1 - 10/14). Suppose 0 = -m*x + 3*x + 1227. Is x prime?
True
Suppose -2*u - u + 4*n = 54472, -u - 18161 = -5*n. Let l = -10009 - u. Is l composite?
False
Suppose -99*r + 141*r - 122*r + 10400240 = 0. Is r composite?
False
Let w be (-53115)/(-9) - 1/(-3). Suppose 3459 = 11*y - w. Is y a prime number?
False
Is (283/(-2264) - (5481154/(-16) - 1)) + -4 prime?
True
Suppose p - 53 = 10*y - 15*y, -2*y + 94 = 3*p. Suppose 0 = -35*t + p*t + 194817. Is t a composite number?
True
Suppose -2*t - o = -12842, 32105 = 40*t - 35*t - 5*o. Is t a prime number?
True
Let r(j) = -26*j - 9 - 27*j + 48*j. Let b be r(4). Let d = 192 + b. Is d a prime number?
True
Suppose 5*c + 252 - 272 = 0. Suppose -c*p + 2 = 10, 3*q - 2*p - 58831 = 0. Is q prime?
True
Let a(s) = 2*s**2 + 13*s + 21*s + 386 - 27*s. Is a(0) prime?
False
Let j = 11 + -11. Suppose j = -29*d + 26*d + 1335. Suppose -d = -18*u + 17*u. Is u composite?
True
Suppose 414*a = 410*a + 3716684. Is a a composite number?
False
Let p(z) = -z**2 + 19*z - 43. Let v be p(13). Is 3/(-5) - (-42476)/v prime?
True
Suppose -5*w + 2*q - 10 = 0, -3*q - 26 = 4*w - q. Is 52311/14 + (-2)/w a prime number?
False
Let l be (-32)/(-8)*(-13061)/4. Is l/(-7 + 8 + -2) a composite number?
True
Let s be (-169)/(-39)*(2 + 0 + 1). Suppose -s - 12 = -5*g. Suppose g*o - 324 = 461. Is o a prime number?
True
Suppose 23*r + 25*r = 1475040. Suppose 3*i + r = 5*o, 3*i + 10543 + 7901 = 3*o. Is o a prime number?
True
Let a = -39 + 43. Suppose -z + a*w + 43 = 0, -4*z + 2*w + w = -133. Is 2*z - (-27)/(-9) prime?
True
Let h(o) = 4*o**3 - 17*o**2 + 38*o - 1. Let m be h(17). Let d = -5 + -9. Is 5/35 - m/d prime?
False
Suppose -5*n - 14*w = -15*w - 6629028, n - 4*w = 1325779. Is n a composite number?
True
Let c = 59118 + -21959. Is c a prime number?
True
Suppose -2*q - 24*w + 21*w + 52889 = 0, 5*q - 132233 = -4*w. Is q a prime number?
True
Suppose -4*m + 41 = 3*j - 0*j, -5*m - 5*j = -50. Let c(t) = -29*t - 39. Let d be c(m). Is d*(-4 - (-1)/2) a prime number?
False
Is (31 + -26 + -4)*936607 prime?
False
Is 9/(90/20) - (-7715223)/9 a composite number?
False
Suppose -2*x + 51 = -261. Suppose 8 - x = -2*v. Is 1*(4*v - 3) a composite number?
False
Let z(f) = -2*f**2 + 17*f + 34. Let d be z(10). Suppose d*j - 18*j = -3122. Is j a composite number?
False
Suppose 113033 + 123622 = 4*h + 3*r, 5*r = 25. Let y = -34645 + h. Is y composite?
True
Let k = 56233 + -27534. Is k composite?
True
Suppose 167*a - 9689032 = 16901159 - 6496918. Is a a prime number?
True
Let o = -74 - -74. Let b be 9 + 1239 + 0 + o/(-1). Let y = 3611 - b. Is y composite?
True
Suppose -7*l + 9740 = -2*l. Let o = 2987 - l. Is o prime?
True
Let s(x) = -31*x - 24. Let u be 14/(-3)*(-12)/14. Suppose 61 = -u*t + 9. Is s(t) a prime number?
True
Let k(x) = -x**2 + 5*x + 5. Let d be k(5). S